 Let z = r - 29. What is the units digit of z?
1
Let h = 36 - 15. What is the tens digit of h?
2
Suppose 3*f = f + 5*q + 2, -q = f + 13. Let g = 6 - f. What is the units digit of g?
5
Suppose -5*g + 6 = -3*g. Suppose -47 = -g*z - 4*v, 4*z = 4*v - 1 + 17. What is the units digit of z?
9
Suppose 17 = s - 4*l, 0 = 3*s - 0*l - 2*l - 11. Let n = s - -4. What is the units digit of n?
5
Let m(g) = 10*g**3 - g**2 - g + 1. Let y = 6 - 6. Suppose -3 = -y*d - 3*d. What is the units digit of m(d)?
9
Let q(p) = -13*p + 1. Let t be q(5). Let b = -39 - t. What is the tens digit of b?
2
Let x(r) = 29*r**2 - 8 - 30*r**2 + 7*r + 5*r. What is the tens digit of x(10)?
1
Suppose 0 = o - 0*o - 3. Suppose -2*q = o*q + 10. Let n(w) = -6*w - 2. What is the units digit of n(q)?
0
Let i(q) = q**2 + q - 6. Let m(z) = z**2 + 2*z - 5. Let n(k) = -5*i(k) + 6*m(k). What is the units digit of n(-8)?
8
Let b = 9 + -5. Let r be 5/b - (-1)/(-4). Let o(m) = 2*m**2 - m. What is the units digit of o(r)?
1
Let m = -106 - -154. What is the units digit of m?
8
Let d(k) = -k - 1. Suppose 0 = -3*j - 1 - 17. Let x be d(j). Suppose -q = q + 3*m - 20, -x*q - 3*m + 41 = 0. What is the units digit of q?
7
Let j(r) = -2*r**3 - r**2 - 2*r + 1. Let v be j(-2). Let l = 11 - v. What is the units digit of (l/10)/(2/(-10))?
3
Suppose -2*c + 2 + 4 = 0. Suppose -7 = -c*o + 11. What is the units digit of o?
6
Let q(s) = s + 1 + 6*s + 2*s - 6. What is the units digit of q(2)?
3
What is the units digit of 18 - (3 + -5 + 6)?
4
What is the units digit of 286/4 + (-12)/(-8)?
3
Suppose -2*g + 6 = 2, 0 = 3*i - 2*g - 80. Let v = 51 - i. What is the units digit of v?
3
Let c(i) = -9*i**3 - i**2 - 2*i - 1. Suppose 4 = 4*r, r = -2*l - r. What is the units digit of c(l)?
9
Let l(o) = -o**2 - 4*o - 2. Let t be l(-2). Suppose -5*d - t = -17. What is the units digit of d?
3
Suppose -3*j = 2*j - 25. Suppose j*n - 56 - 34 = 0. What is the units digit of n?
8
Let z(w) = 3*w - 2*w - 1 + 4. Let u(j) = j**3 - 4*j**2 + 3. Let t be u(4). What is the units digit of z(t)?
6
Let p(o) = -4*o**2 + 4*o + 7. Let n(u) = -7*u**2 + 8*u + 14. Let i(h) = -3*n(h) + 5*p(h). Let y be i(6). What is the units digit of 10/2*2/y?
2
Let s(j) = 3*j - 4*j + 10 + 0. Let u be ((-3)/(-9))/((-2)/(-48)). What is the units digit of s(u)?
2
Let g(o) = -o**2 + o + 88. What is the tens digit of g(0)?
8
Suppose 13*f - 255 = 187. What is the tens digit of f?
3
Let k = 7 - 4. Suppose -3*q - 1 = -2*a, 2*q - 27 = -k*a - 2*q. What is the units digit of a?
5
Let v(k) = -7*k**2 + 2*k. Let r be v(-2). Let z be r/12*(-30)/4. Suppose -5*u + 50 - z = -5*q, -3*u + 5*q = -12. What is the units digit of u?
9
Let d(l) = -2*l**2 + 2*l. Let f(v) = -v**2 + v. Let c(i) = 2*d(i) - 3*f(i). Let p be c(0). Suppose p = -q + 5 + 8. What is the tens digit of q?
1
Suppose 92 = -6*v + 8*v. What is the units digit of v?
6
Suppose -1908 = 2*b - 20*b. What is the hundreds digit of b?
1
Let h be (2 - -1)*(-8)/(-6). Let k(q) = 5*q - 9*q + 7 + h*q - q. What is the tens digit of k(-5)?
1
What is the hundreds digit of (-8)/(-3)*(-4554)/(-88)?
1
Let u(v) = -v**2 + 3*v - 1. Let t be u(2). What is the units digit of (t - -4) + 3/(-1)?
2
What is the tens digit of (-30)/(-4)*(-24)/(-4)?
4
Let v(o) = -3*o + 4*o + 9*o + 4 + 3. What is the units digit of v(3)?
7
Let h(d) = 5*d**2 - 3*d - 3. What is the units digit of h(3)?
3
Suppose 47 = f - 4*o + o, -2 = 2*o. What is the units digit of f?
4
Let b = 502 - 302. What is the tens digit of b?
0
Suppose 1 = s - k, 5*s - 6 - 1 = 3*k. Suppose -t + s*t = 3. What is the units digit of t?
3
Let i(m) = m**3 + 21*m**2 - 8*m + 13. What is the tens digit of i(-21)?
8
Suppose -52 = 2*z - h - 2*h, -3*z - 3*h = 93. What is the units digit of (-6)/9 - z/3?
9
Let j = -52 - -28. Let i = 45 + j. What is the tens digit of i?
2
Let w be (4 + 2)*3/6. Suppose 2*y = y + c + 2, -w*c - 22 = 5*y. What is the units digit of 6*-2*y/8?
3
Let g(b) = -2*b + 1. Let a be g(6). Let n = 16 + a. Suppose -n*h + 48 = -h. What is the units digit of h?
2
Suppose -5*o + 3 + 7 = 0. What is the units digit of o?
2
What is the units digit of 6/21 + 1004/14?
2
Suppose 3*j = 13 + 2. Suppose -j*g + 5*m + 155 = 0, -24 - 10 = -g + 4*m. What is the units digit of g?
0
What is the units digit of (9 - 10)*137/(-1)?
7
What is the units digit of (1 + 0)*(-1 + 10)?
9
Suppose -2*o + 28 = 2*o. What is the units digit of o?
7
Let v(n) = -n**2 - 16*n - 10. Let d be v(-11). Suppose -5*p - b + 13 + 57 = 0, -2*p + 3*b + d = 0. What is the units digit of p?
5
Let c(p) = -p + 6. Let d(r) = -3*r - 7. Let h be d(-5). Let s be c(h). What is the units digit of (s + 4)*-1 - -4?
2
Let p = 100 + -36. What is the tens digit of p?
6
Let g(o) = -7*o - 1. Let v be g(2). Let i = v - -33. What is the units digit of i?
8
Suppose 2*b + 222 - 57 = 5*m, -3*m = 2*b - 99. Let h = m - -16. Suppose 5*w - h = 6. What is the units digit of w?
1
Let d(y) be the second derivative of -3*y + 1/2*y**2 - 1/3*y**3 - 1/20*y**5 - 1/4*y**4 + 0. What is the units digit of d(-2)?
1
Let o(w) = -6 + 1 - 2 - w**2 + 1 + 13*w. What is the tens digit of o(5)?
3
Let m(p) = -4*p + 73. What is the tens digit of m(0)?
7
Let g(y) = 3*y + 7. Let u be g(5). Suppose 3*x - 2 = u. What is the units digit of x?
8
Suppose 26*g = 25*g + 172. What is the units digit of g?
2
Suppose 8*w = 3*w. Suppose 6*b - 2*b - 80 = w. Suppose -2*y + b = -0*y. What is the tens digit of y?
1
Let r be (2/6)/((-8)/(-312)). Let j(f) = f**3 - 14*f**2 + 17*f - 8. What is the units digit of j(r)?
4
Suppose 2*n - 108 = -3*x + 21, 5*x - n - 202 = 0. What is the tens digit of x?
4
Let q = 12 + -12. Suppose 2*c = -q + 8. What is the units digit of c?
4
What is the hundreds digit of (-358)/4*(-9)/(18/4)?
1
Let x(w) = w**2 - 9*w + 3. Let t be x(8). What is the units digit of (24 + t)*(-1 - -2)?
9
Suppose -3*g + 15 = t - 14, 4*g - 44 = -4*t. Let m be -1*15*(-3)/g. Suppose -5*v + 15 = m*r, -2*r - 3*r = -2*v - 50. What is the units digit of r?
8
Let r(p) be the second derivative of -5*p**3/6 + 5*p. What is the tens digit of r(-5)?
2
Let s(i) = -3*i - 12. Let c be s(-8). Let d = -6 + c. What is the units digit of d?
6
Suppose 4*o - 14 = -2, -4*z = o - 67. Suppose -2*f + 4 = -2, s - z = -2*f. What is the units digit of s?
0
Let u(p) be the first derivative of -p**4/4 - 2*p**3/3 + p + 4. Let c be u(-1). Suppose 12 = 4*k, -3*h + 2*h - 2*k + 23 = c. What is the units digit of h?
7
Let u = 121 + -66. What is the units digit of u?
5
Let k be -30 + 3/6*4. What is the units digit of (-1 - -2)/((-4)/k)?
7
Let l be (2 - -3)*(2 + 0). Let a = l + -8. What is the units digit of a?
2
Let l = -14 + 45. What is the units digit of l?
1
Let d(p) = -p**3 + 2*p**2 + 4*p + 1. Let j be d(3). Suppose k + 5*t - j = -1, 4*k - t = 33. What is the units digit of k?
8
Suppose 2*w - 186 = 4*q, 3*w - 5*q = w + 188. What is the tens digit of w?
8
Suppose -3*m = m. Suppose -f - 2 + 12 = m. What is the units digit of f?
0
Suppose 3*b = 4*b - 1. Let n be 2/(b + 9/(-6)). What is the units digit of 3/(-6)*n + 5?
7
What is the tens digit of -3*-2*(-41)/(-6)?
4
Let f(k) = k - 5. Let i be f(13). Suppose g + i = 25. What is the tens digit of g?
1
Suppose 3*x = 91 + 71. What is the units digit of x?
4
Let w(t) = 3 + 0 + 2*t**3 - 5*t**2 - t**3 + 3*t. Let j be w(4). Let l(z) = 9*z**2. What is the units digit of l(j)?
9
Suppose 4283 = 21*j - 1891. What is the units digit of j?
4
Let u = 301 - 167. What is the hundreds digit of u?
1
Suppose 3*q + 3*b + b = 324, -q + 5*b + 127 = 0. What is the units digit of q?
2
Let y(u) = 7*u**2 - 9*u + 31. What is the hundreds digit of y(4)?
1
Suppose -5*o + 4*a + 242 = 0, 5*a - 2*a - 129 = -3*o. What is the units digit of o?
6
Suppose 4*p - 6*p + 44 = -4*u, 0 = -4*p. Let f = 19 + u. What is the units digit of f?
8
Let h be -2 - 1*(-3 - -1). Suppose h = 2*m + 2 - 6. What is the units digit of m*(-2)/2*-4?
8
What is the units digit of 8/12*17*3?
4
Let p = -32 + 54. What is the units digit of p?
2
Let j be (12/10)/(2/5). Suppose j = u - 1. Suppose -2*n - 5*q + q = -10, u*q = 3*n - 25. What is the units digit of n?
7
What is the tens digit of 48/(-32) - (-509)/2?
5
Let x = -7 - -9. Suppose -x*g - 1 = -39. What is the units digit of g?
9
Let k = -30 - -12. Let b = 21 + k. What is the units digit of b?
3
Let 